8?
-5136
10010001001011 (base 2) to base 6
111003
Convert -121433 (base 6) to base 7.
-43224
What is -290 (base 13) in base 12?
-31b
a159 (base 16) to base 6
515121
10e3 (base 15) to base 4
320010
What is 1f8f (base 16) in base 3?
102002020
21011112 (base 3) to base 6
40105
-164 (base 9) to base 14
-9d
56 (base 12) to base 8
102
What is 771 (base 9) in base 12?
447
Convert -47775 (base 8) to base 15.
-6102
Convert 3551 (base 10) to base 4.
313133
What is -2213 (base 8) in base 10?
-1163
Convert 15 (base 9) to base 3.
112
110463 (base 7) to base 9
28610
What is 364 (base 13) in base 10?
589
Convert 6215 (base 12) to base 16.
29b1
-752 (base 9) to base 5
-4424
-1309c (base 13) to base 9
-53351
Convert -244 (base 13) to base 8.
-612
-3a4 (base 14) to base 13
-444
1403 (base 7) to base 12
392
-4d7d (base 15) to base 16
-409f
-3447 (base 11) to base 9
-6181
Convert -233 (base 5) to base 9.
-75
-209d (base 14) to base 4
-1113323
What is -30023203 (base 4) in base 9?
-75384
4523 (base 8) to base 12
146b
52 (base 6) to base 13
26
Convert 1011000100 (base 2) to base 8.
1304
What is -37a32 (base 11) in base 8?
-152325
Convert 3a63 (base 11) to base 12.
3074
Convert 200 (base 6) to base 16.
48
What is 65 (base 11) in base 15?
4b
What is -144134 (base 8) in base 13?
-1a467
-763 (base 10) to base 15
-35d
What is -3256 (base 7) in base 13?
-6bb
What is -3b58 (base 14) in base 9?
-15318
What is 46a (base 15) in base 16?
3e8
Convert 2192 (base 14) to base 13.
2851
What is 1322443 (base 5) in base 11?
19003
Convert 431 (base 6) to base 4.
2203
What is 1025 (base 12) in base 14?
8d7
1358 (base 13) to base 15
c52
-3140 (base 5) to base 12
-2b0
What is 1110110101011010 (base 2) in base 4?
32311122
Convert -12003 (base 4) to base 8.
-603
What is -35a5 (base 16) in base 10?
-13733
What is 1201011 (base 4) in base 10?
6213
What is -213421 (base 5) in base 6?
-54025
Convert 132241 (base 5) to base 16.
14c9
What is -8904 (base 14) in base 12?
-11888
-11100100111 (base 2) to base 8
-3447
Convert -39a (base 13) to base 2.
-1001111010
What is 1001000010011101 (base 2) in base 5?
2141041
What is 5383 (base 13) in base 10?
11599
-5a3 (base 12) to base 3
-1011020
587 (base 9) to base 3
122221
Convert -b083 (base 12) to base 7.
-106464
What is 1320422 (base 6) in base 15?
1683e
Convert 1a4 (base 13) to base 7.
612
Convert 14273 (base 9) to base 13.
4557
Convert 1122 (base 3) to base 12.
38
Convert 13123033 (base 4) to base 6.
352451
-127 (base 14) to base 3
-22120
Convert -1110100110101010 (base 2) to base 9.
-101044
What is -12130233 (base 4) in base 5?
-1321130
What is 25573 (base 10) in base 15?
789d
Convert -9425 (base 12) to base 14.
-5c61
What is 304041 (base 6) in base 12?
12021
What is 253 (base 16) in base 7?
1510
-110101100100 (base 2) to base 14
-136c
What is -110211210 (base 3) in base 13?
-4353
What is 7b7 (base 12) in base 14?
5bd
Convert 6841 (base 11) to base 9.
13308
What is -10210 (base 10) in base 12?
-5aaa
232d (base 15) to base 8
16454
-102063 (base 7) to base 11
-121a4
Convert -494 (base 10) to base 5.
-3434
1b671 (base 14) to base 7
410501
34334 (base 5) to base 12
1519
What is -310121 (base 6) in base 3?
-1020211211
-4141 (base 6) to base 4
-32131
Convert 100011010011111 (base 2) to base 11.
12646
Convert -190 (base 11) to base 13.
-13c
-7318 (base 11) to base 3
-111022020
What is -2051 (base 16) in base 15?
-26b8
147 (base 10) to base 14
a7
Convert -11032131 (base 4) to base 12.
-10479
Convert 503 (base 6) to base 10.
183
What is -1875 (base 10) in base 2?
-11101010011
-350a (base 13) to base 5
-214241
1721 (base 15) to base 13
2362
What is -386e (base 16) in base 13?
-6763
10158 (base 13) to base 11
1a705
403 (base 13) to base 11
568
2b4 (base 13) to base 15
225
Convert -701 (base 12) to base 2.
-1111110001
-2220021 (base 3) to base 14
-aad
What is -7598 (base 13) in base 11?
-11313
21130 (base 4) to base 16
25c
-5242 (base 15) to base 5
-1024022
What is -1024 (base 5) in base 11?
-117
30310 (base 7) to base 11
5589
Convert -2258 (base 10) to base 5.
-33013
Convert -123337 (base 8) to base 9.
-64535
Convert -30b81 (base 12) to base 5.
-4021024
Convert -17395 (base 11) to base 4.
-11331221
7528 (base 10) to base 8
16550
Convert 1220112 (base 4) to base 8.
15026
What is -6a11 (base 11) in base 10?
-9208
Convert -4368 (base 11) to base 15.
-1a91
Convert 11100000100 (base 2) to base 15.
7eb
Convert c0c4 (base 13) to base 8.
63634
Convert 10101010001100 (base 2) to base 8.
25214
1c7 (base 16) to base 13
290
What is 10428 (base 9) in base 3?
100110222
255 (base 14) to base 8
723
What is -cd (base 16) in base 10?
-205
-14 (base 7) to base 12
-b
What is -3008 (base 14) in base 13?
-399b
-16c0 (base 13) to base 14
-1327
-25b (base 16) to base 10
-603
What is 4332 (base 6) in base 13?
5b4
What is -2021012002 (base 3) in base 16?
-ae3e
Convert 13221222 (base 4) to base 7.
160236
1698 (base 10) to base 8
3242
-16a (base 15) to base 5
-2300
What is a22 (base 13) in base 14?
8aa
Convert 10455 (base 7) to base 12.
1639
What is 13251 (base 7) in base 8?
6754
Convert 20013 (base 4) to base 5.
4034
Convert -1084 (base 10) to base 2.
-10000111100
What is -d1 (base 14) in base 16?
-b7
-717 (base 16) to base 6
-12223
Convert -16929 (base 10) to base 5.
-1020204
What is 1208a (base 11) in base 13?
7bc7
Convert 400 (base 12) to base 4.
21000
-14345 (base 6) to base 12
-13b5
-1000101000100 (base 2) to base 8
-10504
Convert 132452 (base 6) to base 7.
50531
Convert -1453 (base 8) to base 5.
-11221
What is 118 (base 12) in base 11?
13a
Convert a77 (base 13) to base 15.
7e3
What is 839 (base 15) in base 8?
3476
-3330 (base 5) to base 12
-329
-13618 (base 9) to base 15
-2b1b
Convert -3021301 (base 5) to base 10.
-48326
Convert -30253 (base 8) to base 5.
-344314
-ca3 (base 16) to base 13
-161b
What is -256 (base 16) in base 12?
-41a
Convert 26c6 (base 14) to base 15.
205d
-1073 (base 8) to base 2
-1000111011
What is -111010101 (base 2) in base 7?
-1240
Convert -1636 (base 7) to base 11.
-554
11011 (base 6) to base 4
113233
Convert b20 (base 15) to base 14.
cad
Convert -942 (base 15) to base 6.
-13355
Convert 1004 (base 6) to base 2.
11011100
What is 6850 (base 9) in base 7?
20526
-152455 (base 6) to base 3
-202101122
What is -22288 (base 9) in base 11?
-10155
What is -1488 (base 11) in base 9?
-2553
What is 4d8 (base 14) in base 9?
1302
What is 7a46 (base 15) in base 6?
320033
What is -24715 (base 13) in base 14?
-1a659
5641 (base 7) to base 3
2210111
Convert -fd (base 16) to base 4.
-3331
What is -1411 (base 8) in base 9?
-1053
What is -20304 (base 6) in base 3?
-10201011
Convert -110100110 (base 2) to base 15.
-1d2
What is 11535 (base 8) in base 15?
1707
What is 111201202 (base 3) in base 11?
7580
2505 (base 7) to base 4
32220
Convert 1001001000010110 (base 2) to base 8.
111026
What is -7407 (base 14) in base 8?
-47037
What is -22516 (base 12) in base 11?
-31345
What is -1037 (base 9) in base 7?
-2140
Convert -4404133 (base 5) to base 8.
-223427
What is -12330 (base 7) in base 15?
-e70
1529 (base 12) to base 7
10143
What is 624 (base 7) in base 16?
138
1012110112 (base 3) to base 13
aa06
121621 (base 7) to base 15
68e1
Convert -aa3 (base 15) to base 16.
-963
-1110101110 (base 2) to base 7
-2514
-133 (base 4) to base 8
-37
What is -210021100 (base 3) in base 10?
-15507
What is -1011000 (base 2) in base 15?
-5d
Convert 11404 (base 11) to base 16.
404c
Convert -123b (base 13) to base 9.
-3482
-112200 (base 5) to base 7
-14544
What is 253 (base 11) in base 7?
606
-217 (base 13) to base 5
-2413
Convert -406 (base 13) to base 9.
-837
What is -111220 (base 4) in base 13?
-826
Convert -1002321 (base 4) to base 14.
-17bb
Convert 10001010101 (base 2) to base 16.
455
What is 394 (base 11) in base 5?
3331
Convert -1111110110100 (base 2) to base 15.
-2611
What is 322122 (base 4) in base 10?
3738
Convert 1202200012 (base 3) to base 8.
103702
-1431 (base 6) to base 4
-11323
Convert 10152 (base 6) to base 9.
1775
What is 4363 (base 8) in base 12?
13ab
What is -71 (base 13) in base 7?
-161
-6902 (base 15) to base 6
-251045
Convert -473 (base 9) to base 15.
-1b0
Convert 94 (base 14) to base 8.
202
Convert -244542 (base 6) to base 15.
-66db
-211002 (base 3) to base 7
-1511
3dc (base 15) to 